vided by 11?
8
Calculate the remainder when 62/4*(-6 - -8) is divided by 16.
15
Let y be ((-100)/9)/(-5) + 6/(-27). Suppose -3*c + 3*t + 920 = y*c, -c + 184 = -t. Calculate the remainder when c is divided by 11.
8
Suppose 18*g - 594 - 432 = 0. What is the remainder when 180 is divided by g?
9
Let u = 173 + -126. Suppose -4*s = -6*s + 34. Calculate the remainder when u is divided by s.
13
What is the remainder when (-4)/(-18)*-3*3492/(-24) is divided by 29?
10
Let s(f) = f + 7. Let k be s(-6). Let p(b) be the first derivative of 19*b**4/4 - 2*b**3/3 + b**2/2 - 19. Calculate the remainder when 51 is divided by p(k).
15
Let o(w) = 3*w**2 + 5*w + 0*w + w. Let c = -396 + 405. Calculate the remainder when o(-4) is divided by c.
6
Let b(l) = 1 + 4*l - 3 - 6 + 9*l**2 - l**3 + 0*l**3. What is the remainder when b(8) is divided by 23?
19
Let j = 1324 - 1137. Calculate the remainder when j is divided by 30.
7
Suppose 2*j + 4*p - 98 = 0, j + 8*p = 9*p + 46. Calculate the remainder when 373 is divided by j.
44
Let k be (-44)/(-33) - 446/6. Let f = k + 106. Calculate the remainder when f is divided by 12.
9
Let x(c) = 3*c + 73. Let a be x(-25). Let y(b) = 23*b**2 + 5*b - 2. Calculate the remainder when y(a) is divided by 28.
24
Suppose s = -2 + 4, 3*t = -4*s + 14. Suppose r - t*r + 63 = 2*c, -2*r = -3*c + 84. Let l = 35 - c. Calculate the remainder when 9 is divided by l.
4
Suppose 11*q - 475 = -8*q. What is the remainder when 43 is divided by q?
18
Suppose 0 = 4*l - 16, 4*p + 2*l + 1962 = -p. Let v = p + 691. Calculate the remainder when v is divided by 50.
47
Let w(t) = 5*t - 47. What is the remainder when 88 is divided by w(13)?
16
Let t(o) = o + 7. Let p be t(-8). Calculate the remainder when 35 is divided by 16 - p - (-7 + 4).
15
Let n(c) = -7*c**3 + 9*c**2 + 15*c + 5. Calculate the remainder when n(-2) is divided by 36.
31
Let g(s) = 53*s - 63. What is the remainder when g(2) is divided by 16?
11
Suppose 169 = 3*m + 4*f, -f = 2 - 6. What is the remainder when 611 is divided by m?
50
Suppose 17*k - 19*k = -10. Suppose -k*x = -1 - 49. Suppose 2*j - x = -n, 0 = 4*n - 2*j - 95 + 25. Calculate the remainder when 30 is divided by n.
14
Suppose 0 = -575*k + 576*k - 335. Calculate the remainder when k is divided by 113.
109
Let d(s) = 0*s**3 + 3*s**2 - 2 + 5 - s**3 + 3*s. Calculate the remainder when d(-3) is divided by 13.
9
Let g(z) = -3*z - 3. Let l be g(-3). Let q(v) be the first derivative of -v**3/3 + 9*v**2/2 - 2*v - 2. Calculate the remainder when 61 is divided by q(l).
13
Suppose -2*o + 5*f + 59 = 6, o - 19 = 4*f. What is the remainder when o is divided by 15?
9
Let c(f) = f**2 + 3*f. What is the remainder when 79 is divided by c(-5)?
9
Let h(m) = -2*m - 17. Let a be h(-12). Suppose a*o - 338 = 523. What is the remainder when o is divided by 31?
30
What is the remainder when 331/4 - 4 - 3/(-12) is divided by 44?
35
Suppose 3*c - 116 = -2*u, -5*u + 5*c + 0*c = -240. Suppose -2*i + 22 = -0*i. Calculate the remainder when u is divided by i.
8
Let q(f) = -39*f**3 + 9*f + 6*f**2 + 38*f**3 + 1 - 9. Let d be q(7). Suppose -5*s + 3*s + d = 0. What is the remainder when 8 is divided by s?
2
Let l(r) = 3*r**2 + 25*r + 140. Calculate the remainder when 405 is divided by l(-8).
9
Suppose 3 = 3*s, 5*s = 2*y - 0*y - 1. Suppose 2*o + 5*g - 55 = 0, 8*g = -4*o + y*g + 85. What is the remainder when 56 is divided by o?
11
Let i(g) = 15*g - 1. Let k be i(3). Suppose 0 = -a - 5*t + 11, t + 2*t - k = -4*a. Suppose -a = -w - 0. What is the remainder when w is divided by 6?
5
Let t = -84 + 84. Suppose t = 2*h - 5*v - 107, 2*v - 227 = -5*h + v. What is the remainder when 227 is divided by h?
43
Suppose 14 = 4*j + 62. Let r = 22 + j. Calculate the remainder when r/(-35) - (-468)/21 is divided by 8.
6
Let n = -1274 - -1312. Calculate the remainder when 240 is divided by n.
12
Let g = -16 + 12. Calculate the remainder when 53 is divided by 2 + (0 - (-21 + g)).
26
Suppose -a = -2*x - 44, 7*x = 3*a + 2*x - 130. Calculate the remainder when 238 is divided by a.
38
Suppose 2*j - 2*u - 460 = 0, -j + 0*u = -2*u - 226. Suppose 5*o - 577 = 3*n, 2*o + n = -n + j. What is the remainder when o is divided by 39?
38
Calculate the remainder when (-4)/1 - (11 + -242 + 1) is divided by 4.
2
Let l = 993 - 960. What is the remainder when 61 is divided by l?
28
Let z = -2099 - -2120. What is the remainder when 40 is divided by z?
19
Suppose -48 = 4*m - 0. Suppose 157 - 52 = -7*q. Let y = m - q. What is the remainder when 6 is divided by y?
0
Calculate the remainder when 467 is divided by (-47)/(26/4 - 7).
91
What is the remainder when 21/2*4554/297 is divided by 78?
5
Let i be 11/22*1*46. Let v = -19 + i. What is the remainder when 10 is divided by v?
2
Let g = 26 + -11. Suppose -2*o - 205 = -5*b, -2*b + o + 25 = -56. What is the remainder when b is divided by g?
13
Let v = -206 - -213. What is the remainder when 26 is divided by v?
5
Suppose 4*b + 409 = 5*b. Calculate the remainder when b is divided by 108.
85
Let m(x) = -x + 14. Let a be m(-13). Let u = -10 + a. Let o = u + 14. Calculate the remainder when o is divided by 8.
7
Let o = 812 - 803. Calculate the remainder when 80 is divided by o.
8
Suppose 5*h + 345 = 4*g, -3*g + 4*h = -0*h - 259. What is the remainder when g is divided by 18?
13
Suppose 6 = -10*a + 4*a. Calculate the remainder when (69/(-12))/(a/4) is divided by 12.
11
Calculate the remainder when 378 is divided by 25*((-189)/(-45) + -4).
3
Suppose -18*u - 4*u = -110. What is the remainder when 39 is divided by u?
4
Suppose -2*c + u = 5, -3*u - 14 = 5*c - 4*u. Calculate the remainder when (-128)/c + 10/30 is divided by 9.
7
Let b(l) = l**3 + 11*l**2 + l + 12. Let j be b(-11). Let v be (-77 - -3)/(1 + j). Let h = -19 - v. Calculate the remainder when 71 is divided by h.
17
Let h(f) = -33*f + 4. Let n be h(2). Let a = 164 + n. Calculate the remainder when a is divided by (-10 + -3)/((-3)/6).
24
Suppose 2372*p - 2373*p + 183 = 0. Calculate the remainder when p is divided by 101.
82
Let g = -915 + 1380. What is the remainder when g is divided by 52?
49
What is the remainder when 86 is divided by ((-34)/85)/((-2)/230)?
40
Suppose 4*q = 91 + 49. Let d(g) = -g**2 - 29*g + 104. Calculate the remainder when q is divided by d(3).
3
Let f(w) = w**2 + 41*w - 586. Let i = -75 - -106. What is the remainder when f(-54) is divided by i?
23
Let f be -2*3/(-3 + -3). Suppose -c + f = 2*v - 3, 0 = -4*v - 4. Calculate the remainder when 16 is divided by c.
4
Let p = -2376 - -2562. Calculate the remainder when p is divided by 22.
10
What is the remainder when 67 is divided by -8 - (-3 - -21)/(-3) - -12?
7
Suppose -3*w + 55 + 53 = 0. What is the remainder when w is divided by 21?
15
Suppose 7*w - 31 = 53. Let m be (-3 + 4/w)*3. What is the remainder when 12 is divided by (-30)/m + (-4)/(-16)?
0
Suppose -181 = -4*m + 3*h, -5*m + 2*h - 41 + 276 = 0. What is the remainder when 290 is divided by m?
45
Let n(a) be the third derivative of 2/15*a**5 + 0*a - 1/120*a**6 + 1/6*a**4 + 6*a**2 + 0 - 4/3*a**3. What is the remainder when n(5) is divided by 30?
27
Let j = -535 + 1042. What is the remainder when j is divided by 85?
82
What is the remainder when (-1188)/(-3) - (5 - 8) is divided by 50?
49
Let s = -965 - -1061. What is the remainder when 194 is divided by s?
2
Let y(q) = -q**2 - 12*q - 4. Suppose -11 = 6*d + 49. Let x = -64 + 93. Calculate the remainder when x is divided by y(d).
13
Let o = 11 - 11. Suppose o = -2*u + 2*i + 26, -5*u + 68 = -0*i - 2*i. Let w = 21 - u. Calculate the remainder when 12 is divided by w.
5
Suppose 2 = -q, 4*j + 2*q - 564 - 280 = 0. What is the remainder when j is divided by 103?
6
Let y = 231 - 150. Let v = -64 + y. What is the remainder when 45 is divided by v?
11
Let s be 6*6/(-3) + -3. Let p be 32/10 + 3/s. Suppose -8 = -p*l + 55. What is the remainder when 41 is divided by l?
20
Suppose 0 = -7*q + 38 - 3. Calculate the remainder when 71 is divided by q.
1
Suppose -3*c + 7 = 3*o - 29, -5*c + 4*o = -42. Suppose -5*q - 76 = -2*b, 2*b - 160 = -3*b + 5*q. Calculate the remainder when b is divided by c.
8
Suppose 2*x - 4*x + 2*d = -82, 3*d = 5*x - 207. Suppose -71 - 5 = 4*z. What is the remainder when x is divided by 0 - ((z - -1) + 3)?
12
Suppose 2*l - 30 = -f - 3, 5*f - 